{"id":217,"date":"2023-08-17T14:36:54","date_gmt":"2023-08-17T12:36:54","guid":{"rendered":"https:\/\/albaprofele.com\/?page_id=217"},"modified":"2026-02-27T17:01:03","modified_gmt":"2026-02-27T16:01:03","slug":"otros-servicios","status":"publish","type":"page","link":"https:\/\/albaprofele.com\/?page_id=217","title":{"rendered":"Au-del\u00e0 des cours classiques : accompagnement personnalis\u00e9"},"content":{"rendered":"\n<p>Ces services sont pens\u00e9s pour les francophones qui veulent <strong><em>sortir du cadre des cours traditionnels<\/em><\/strong> et <strong><em>progresser plus rapidement <\/em><\/strong>en espagnol. <\/p>\n\n\n\n<p>Que vous pr\u00e9pariez le <strong>DELE<\/strong>, souhaitiez am\u00e9liorer votre <strong><em>expression \u00e9crite ou orale<\/em><\/strong>, ou vous entra\u00eener pour un <em><strong>entretien d\u2019embauche en espagnol<\/strong>,<\/em> ces s\u00e9ances sp\u00e9cialis\u00e9es vous offrent un <strong><em>accompagnement personnalis\u00e9,<\/em><\/strong> des <strong><em>corrections d\u00e9taill\u00e9es<\/em><\/strong> et des <em><strong>conseils pratiques<\/strong><\/em> pour atteindre vos objectifs professionnels et acad\u00e9miques.<\/p>\n\n\n\n<p><\/p>\n\n\n\n<p><\/p>\n\n\n\n<p><\/p>\n\n\n\n<div class=\"wp-block-columns is-layout-flex wp-container-core-columns-is-layout-9d6595d7 wp-block-columns-is-layout-flex\">\n<div class=\"wp-block-column is-layout-flow wp-block-column-is-layout-flow\" style=\"flex-basis:100%\">\n<ul class=\"wp-block-list\">\n<li><strong><em>Correction de productions \u00e9crites<\/em><\/strong>. Si vous pr\u00e9parez le DELE seul(e) mais souhaitez l\u2019accompagnement d\u2019une <em><strong>examinatrice du DELE dipl\u00f4m\u00e9e, <\/strong><\/em>ce service est fait pour vous. Je corrige vos erreurs grammaticales, syntaxiques et lexicales, et je vous fournis un retour d\u00e9taill\u00e9 pour am\u00e9liorer votre expression \u00e9crite. Votre travail est \u00e9galement \u00e9valu\u00e9 selon les crit\u00e8res officiels des examinateurs du DELE.<\/li>\n<\/ul>\n<\/div>\n<\/div>\n\n\n\n<figure class=\"wp-block-gallery has-nested-images columns-default is-cropped wp-block-gallery-1 is-layout-flex wp-block-gallery-is-layout-flex\">\n<figure class=\"wp-block-image size-large\"><img fetchpriority=\"high\" decoding=\"async\" width=\"616\" height=\"411\" data-id=\"218\" src=\"http:\/\/192.168.1.52\/wordpress\/wp-content\/uploads\/2023\/08\/examen-1.png\" alt=\"\" class=\"wp-image-218\" srcset=\"https:\/\/albaprofele.com\/wp-content\/uploads\/2023\/08\/examen-1.png 616w, https:\/\/albaprofele.com\/wp-content\/uploads\/2023\/08\/examen-1-300x200.png 300w\" sizes=\"(max-width: 616px) 100vw, 616px\" \/><\/figure>\n<\/figure>\n\n\n\n<p><\/p>\n\n\n\n<p><\/p>\n\n\n\n<div class=\"wp-block-columns is-layout-flex wp-container-core-columns-is-layout-9d6595d7 wp-block-columns-is-layout-flex\">\n<div class=\"wp-block-column is-layout-flow wp-block-column-is-layout-flow\" style=\"flex-basis:100%\">\n<ul class=\"wp-block-list\">\n<li><strong><em>Pratique de l\u2019expression orale et correction.<\/em><\/strong> Si vous pr\u00e9parez le DELE en autonomie mais avez besoin de l\u2019accompagnement d\u2019une <strong><em>examinatrice du DELE dipl\u00f4m\u00e9e<\/em><\/strong>, je corrige vos erreurs grammaticales, syntaxiques et lexicales et vous fournis un retour personnalis\u00e9 pour am\u00e9liorer votre <strong>expression orale<\/strong>. Pendant cette s\u00e9ance, nous r\u00e9aliserons une <strong>simulation de l\u2019\u00e9preuve orale du DELE<\/strong>. Parmi les trois t\u00e2ches de l\u2019\u00e9preuve orale, la premi\u00e8re devra \u00eatre <strong>pr\u00e9par\u00e9e par l\u2019\u00e9tudiant(e) avant la s\u00e9ance<\/strong>. Lors de la s\u00e9ance, nous pratiquerons l\u2019\u00e9preuve orale en utilisant un <strong>mod\u00e8le d\u2019examen officiel<\/strong>. De plus, votre performance est \u00e9valu\u00e9e selon les crit\u00e8res officiels du DELE et je vous fournirai \u00e0 la fin de la s\u00e9ance un compte-rendu avec les possibles am\u00e9liorations et d&#8217;astuces pour r\u00e9ussir votre DELE.<\/li>\n<\/ul>\n<\/div>\n<\/div>\n\n\n\n<p><\/p>\n\n\n\n<figure class=\"wp-block-gallery has-nested-images columns-default is-cropped wp-block-gallery-2 is-layout-flex wp-block-gallery-is-layout-flex\">\n<figure class=\"wp-block-image size-large\"><img decoding=\"async\" width=\"1024\" height=\"512\" data-id=\"219\" src=\"http:\/\/192.168.1.52\/wordpress\/wp-content\/uploads\/2023\/08\/AETC-preparacion-del-examen-oral-en-oposiciones-1024x512.jpg\" alt=\"\" class=\"wp-image-219\" srcset=\"https:\/\/albaprofele.com\/wp-content\/uploads\/2023\/08\/AETC-preparacion-del-examen-oral-en-oposiciones-1024x512.jpg 1024w, https:\/\/albaprofele.com\/wp-content\/uploads\/2023\/08\/AETC-preparacion-del-examen-oral-en-oposiciones-300x150.jpg 300w, https:\/\/albaprofele.com\/wp-content\/uploads\/2023\/08\/AETC-preparacion-del-examen-oral-en-oposiciones-768x384.jpg 768w, https:\/\/albaprofele.com\/wp-content\/uploads\/2023\/08\/AETC-preparacion-del-examen-oral-en-oposiciones.jpg 1200w\" sizes=\"(max-width: 1024px) 100vw, 1024px\" \/><\/figure>\n<\/figure>\n\n\n\n<p><\/p>\n\n\n\n<ul class=\"wp-block-list\">\n<li><strong><em>Pr\u00e9paration aux entretiens d\u2019embauche en espagnol<\/em><\/strong>. Vous devez passer un entretien en espagnol et souhaitez vous sentir confiant(e) et pr\u00eat(e) ? Ce service vous permet :<\/li>\n\n\n\n<li>D\u2019am\u00e9liorer votre <strong>expression orale professionnelle<\/strong>.<\/li>\n\n\n\n<li>De vous entra\u00eener \u00e0 r\u00e9pondre aux questions les plus fr\u00e9quentes et pr\u00e9senter votre parcours avec <em><strong>fluidit\u00e9.<\/strong><\/em><\/li>\n\n\n\n<li>De recevoir des <strong>retours personnalis\u00e9s<\/strong> sur prononciation, vocabulaire et structure de vos r\u00e9ponses.<\/li>\n\n\n\n<li>Gr\u00e2ce \u00e0 ces s\u00e9ances, vous aborderez vos examens ou entretiens avec s\u00e9r\u00e9nit\u00e9 et maximiserez vos chances de r\u00e9ussite.<\/li>\n<\/ul>\n\n\n\n\n\n<p><strong>Contact et devis personnalis\u00e9<\/strong><\/p>\n\n\n\n<p>Souhaitez-vous choisir l\u2019un de ces services pour maximiser vos chances de r\u00e9ussite et atteindre vos objectifs en espagnol ?<br>Contactez-moi via le formulaire ou sur mes r\u00e9seaux sociaux, et je vous enverrai un devis personnalis\u00e9, adapt\u00e9 \u00e0 vos besoins. Vous pouvez \u00e9galement r\u00e9server un rendez-vous de 30 minutes gratuit sur ce site pour en discuter. <\/p>\n\n\n\n<br>\n\n\n\n<div class=\"wp-block-buttons is-horizontal is-content-justification-center is-layout-flex wp-container-core-buttons-is-layout-499968f5 wp-block-buttons-is-layout-flex\">\n<div class=\"wp-block-button\"><a class=\"wp-block-button__link has-white-color has-text-color wp-element-button\" href=\"http:\/\/albaprofele.com\/?page_id=124\">CONTACT ME <\/a><\/div>\n<\/div>\n\n\n\n<p><\/p>\n","protected":false},"excerpt":{"rendered":"<p>Ces services sont pens\u00e9s pour les francophones qui veulent sortir du cadre des cours traditionnels et progresser plus rapidement en espagnol. Que vous pr\u00e9pariez le DELE, souhaitiez am\u00e9liorer votre expression &hellip; <\/p>\n","protected":false},"author":1,"featured_media":0,"parent":0,"menu_order":0,"comment_status":"closed","ping_status":"closed","template":"","meta":{"_monsterinsights_skip_tracking":false,"_monsterinsights_sitenote_active":false,"_monsterinsights_sitenote_note":"","_monsterinsights_sitenote_category":0,"footnotes":""},"class_list":["post-217","page","type-page","status-publish","hentry"],"_links":{"self":[{"href":"https:\/\/albaprofele.com\/index.php?rest_route=\/wp\/v2\/pages\/217","targetHints":{"allow":["GET"]}}],"collection":[{"href":"https:\/\/albaprofele.com\/index.php?rest_route=\/wp\/v2\/pages"}],"about":[{"href":"https:\/\/albaprofele.com\/index.php?rest_route=\/wp\/v2\/types\/page"}],"author":[{"embeddable":true,"href":"https:\/\/albaprofele.com\/index.php?rest_route=\/wp\/v2\/users\/1"}],"replies":[{"embeddable":true,"href":"https:\/\/albaprofele.com\/index.php?rest_route=%2Fwp%2Fv2%2Fcomments&post=217"}],"version-history":[{"count":8,"href":"https:\/\/albaprofele.com\/index.php?rest_route=\/wp\/v2\/pages\/217\/revisions"}],"predecessor-version":[{"id":779,"href":"https:\/\/albaprofele.com\/index.php?rest_route=\/wp\/v2\/pages\/217\/revisions\/779"}],"wp:attachment":[{"href":"https:\/\/albaprofele.com\/index.php?rest_route=%2Fwp%2Fv2%2Fmedia&parent=217"}],"curies":[{"name":"wp","href":"https:\/\/api.w.org\/{rel}","templated":true}]}}