{"id":49,"date":"2023-02-20T18:05:10","date_gmt":"2023-02-20T17:05:10","guid":{"rendered":"https:\/\/amrlangues.000webhostapp.com\/?page_id=49"},"modified":"2026-02-28T11:58:56","modified_gmt":"2026-02-28T10:58:56","slug":"mis-servicios","status":"publish","type":"page","link":"https:\/\/albaprofele.com\/?page_id=49","title":{"rendered":"Choisissez le cours qui vous convient le mieux !"},"content":{"rendered":"\n<p>\ud83d\udde3\ufe0f Vous devez am\u00e9liorer votre espagnol pour le travail ou pour partir en vacances dans un pays hispanophone ?<br>Vous pouvez r\u00e9server mes <strong>cours d\u2019espagnol \u00e0 vis\u00e9e professionnelle ou touristique (ESP)<\/strong> pour apprendre le vocabulaire et la grammaire li\u00e9s \u00e0 votre m\u00e9tier ou au tourisme.<\/p>\n\n\n\n<p>\ud83d\udcd1 Ou peut-\u00eatre que vous avez besoin de <strong>r\u00e9ussir un examen officiel DELE<\/strong> pour certifier votre niveau d\u2019espagnol ?<br>Ces examens officiels peuvent beaucoup vous aider si vous souhaitez \u00e9tudier ou travailler dans un pays hispanophone. \u00c9tant <strong>examinateur officiel DELE pour l\u2019Instituto Cervantes<\/strong>, je peux vous accompagner pour atteindre votre objectif !<\/p>\n\n\n\n<p>\ud83e\udd1d Vous souhaitez simplement apprendre l\u2019espagnol g\u00e9n\u00e9ral ?<br>Dans ces cours, nous travaillerons la <strong>grammaire, le vocabulaire, la compr\u00e9hension orale et \u00e9crite<\/strong>, ainsi que l\u2019<strong>expression orale<\/strong>.<\/p>\n\n\n\n<p>\ud83c\udf93 Et si votre niveau d\u2019espagnol est interm\u00e9diaire et que vous voulez am\u00e9liorer votre <strong>expression orale<\/strong> tout en d\u00e9couvrant la <strong>culture hispanique<\/strong>, n\u2019h\u00e9sitez pas \u00e0 r\u00e9server mes <strong>cours d\u2019expression orale et culture<\/strong> !<\/p>\n\n\n\n<p>\ud83d\udcac Si vous avez des doutes sur le type de cours dont vous avez besoin, vous pouvez r\u00e9server un <strong>entretien gratuit de 40 minutes<\/strong> pour \u00e9valuer votre niveau et d\u00e9finir vos objectifs.<\/p>\n\n\n\n<p>\ud83d\udce9 Pour toute question, <strong>n\u2019h\u00e9sitez pas \u00e0 me contacter<\/strong>.<\/p>\n\n\n\n<p>\u00a1\u00c0 bient\u00f4t !<\/p>\n\n\n\n<hr class=\"wp-block-separator has-alpha-channel-opacity\"\/>\n\n\n\n<p><\/p>\n\n\n\n<div class=\"wp-block-buttons is-horizontal is-content-justification-center is-layout-flex wp-container-core-buttons-is-layout-499968f5 wp-block-buttons-is-layout-flex\">\n<div class=\"wp-block-button\"><a class=\"wp-block-button__link has-white-color has-text-color wp-element-button\" href=\"http:\/\/albaprofele.com\/?page_id=2\">R\u00c9SERVEZ VOTRE COURS D&#8217;ESSAI GRATUIT<\/a><\/div>\n<\/div>\n\n\n\n<p><\/p>\n\n\n\n<div class=\"wp-block-buttons is-horizontal is-content-justification-center is-layout-flex wp-container-core-buttons-is-layout-499968f5 wp-block-buttons-is-layout-flex\">\n<div class=\"wp-block-button\"><a class=\"wp-block-button__link has-white-color has-text-color wp-element-button\" href=\"http:\/\/albaprofele.com\/?page_id=124\">CONTACTEZ-MOI<\/a><\/div>\n<\/div>\n\n\n\n<p><\/p>\n","protected":false},"excerpt":{"rendered":"<p>\ud83d\udde3\ufe0f Vous devez am\u00e9liorer votre espagnol pour le travail ou pour partir en vacances dans un pays hispanophone ?Vous pouvez r\u00e9server mes cours d\u2019espagnol \u00e0 vis\u00e9e professionnelle ou touristique (ESP) &hellip; <\/p>\n","protected":false},"author":1,"featured_media":0,"parent":0,"menu_order":0,"comment_status":"closed","ping_status":"closed","template":"","meta":{"_monsterinsights_skip_tracking":false,"_monsterinsights_sitenote_active":false,"_monsterinsights_sitenote_note":"","_monsterinsights_sitenote_category":0,"footnotes":""},"class_list":["post-49","page","type-page","status-publish","hentry"],"_links":{"self":[{"href":"https:\/\/albaprofele.com\/index.php?rest_route=\/wp\/v2\/pages\/49","targetHints":{"allow":["GET"]}}],"collection":[{"href":"https:\/\/albaprofele.com\/index.php?rest_route=\/wp\/v2\/pages"}],"about":[{"href":"https:\/\/albaprofele.com\/index.php?rest_route=\/wp\/v2\/types\/page"}],"author":[{"embeddable":true,"href":"https:\/\/albaprofele.com\/index.php?rest_route=\/wp\/v2\/users\/1"}],"replies":[{"embeddable":true,"href":"https:\/\/albaprofele.com\/index.php?rest_route=%2Fwp%2Fv2%2Fcomments&post=49"}],"version-history":[{"count":11,"href":"https:\/\/albaprofele.com\/index.php?rest_route=\/wp\/v2\/pages\/49\/revisions"}],"predecessor-version":[{"id":833,"href":"https:\/\/albaprofele.com\/index.php?rest_route=\/wp\/v2\/pages\/49\/revisions\/833"}],"wp:attachment":[{"href":"https:\/\/albaprofele.com\/index.php?rest_route=%2Fwp%2Fv2%2Fmedia&parent=49"}],"curies":[{"name":"wp","href":"https:\/\/api.w.org\/{rel}","templated":true}]}}